digit of 910?
9
What is the hundreds digit of 2618?
6
What is the thousands digit of 29803?
9
What is the ten thousands digit of 30158?
3
What is the units digit of 9456?
6
What is the units digit of 1573?
3
What is the units digit of 1045?
5
What is the units digit of 56374?
4
What is the thousands digit of 1905?
1
What is the hundreds digit of 19310?
3
What is the thousands digit of 1797?
1
What is the tens digit of 125879?
7
What is the tens digit of 19725?
2
What is the units digit of 26242?
2
What is the hundreds digit of 14039?
0
What is the thousands digit of 5333?
5
What is the tens digit of 5552?
5
What is the hundreds digit of 2846?
8
What is the thousands digit of 2779?
2
What is the units digit of 11?
1
What is the hundreds digit of 1901?
9
What is the hundreds digit of 59841?
8
What is the tens digit of 2932?
3
What is the hundreds digit of 723?
7
What is the units digit of 392?
2
What is the hundreds digit of 144?
1
What is the units digit of 746?
6
What is the tens digit of 11209?
0
What is the hundreds digit of 8831?
8
What is the units digit of 57371?
1
What is the thousands digit of 133491?
3
What is the tens digit of 1390?
9
What is the thousands digit of 20298?
0
What is the hundreds digit of 10291?
2
What is the hundreds digit of 1999?
9
What is the hundreds digit of 674?
6
What is the thousands digit of 82357?
2
What is the hundreds digit of 953?
9
What is the thousands digit of 65932?
5
What is the units digit of 4926?
6
What is the hundreds digit of 3827?
8
What is the tens digit of 11946?
4
What is the hundred thousands digit of 209645?
2
What is the units digit of 275?
5
What is the tens digit of 1379?
7
What is the hundred thousands digit of 120554?
1
What is the tens digit of 652?
5
What is the units digit of 6123?
3
What is the units digit of 1864?
4
What is the ten thousands digit of 66137?
6
What is the thousands digit of 14765?
4
What is the hundreds digit of 53613?
6
What is the units digit of 627?
7
What is the hundreds digit of 23036?
0
What is the thousands digit of 1966?
1
What is the thousands digit of 4197?
4
What is the tens digit of 3370?
7
What is the ten thousands digit of 37315?
3
What is the hundred thousands digit of 118690?
1
What is the thousands digit of 11050?
1
What is the thousands digit of 2516?
2
What is the tens digit of 1226?
2
What is the tens digit of 711?
1
What is the ten thousands digit of 106015?
0
What is the hundreds digit of 19591?
5
What is the hundreds digit of 34460?
4
What is the hundreds digit of 1562?
5
What is the tens digit of 28380?
8
What is the units digit of 6861?
1
What is the units digit of 11407?
7
What is the tens digit of 50?
5
What is the hundreds digit of 12428?
4
What is the hundreds digit of 2976?
9
What is the tens digit of 1211?
1
What is the ten thousands digit of 17403?
1
What is the thousands digit of 6603?
6
What is the tens digit of 314?
1
What is the hundreds digit of 399?
3
What is the hundreds digit of 9575?
5
What is the hundreds digit of 1039?
0
What is the thousands digit of 100388?
0
What is the thousands digit of 1272?
1
What is the ten thousands digit of 41275?
4
What is the units digit of 2?
2
What is the thousands digit of 6234?
6
What is the thousands digit of 120481?
0
What is the hundreds digit of 28867?
8
What is the tens digit of 941?
4
What is the units digit of 806?
6
What is the thousands digit of 1520?
1
What is the tens digit of 5568?
6
What is the tens digit of 63348?
4
What is the units digit of 715?
5
What is the tens digit of 106602?
0
What is the tens digit of 1452?
5
What is the tens digit of 58?
5
What is the thousands digit of 9754?
9
What is the units digit of 1393?
3
What is the units digit of 1587?
7
What is the hundreds digit of 1790?
7
What is the units digit of 575?
5
What is the hundreds digit of 45358?
3
What is the ten thousands digit of 13434?
1
What is the thousands digit of 120753?
0
What is the units digit of 2739?
9
What is the hundreds digit of 756?
7
What is the units digit of 1245?
5
What is the tens digit of 54761?
6
What is the thousands digit of 8323?
8
What is the tens digit of 155987?
8
What is the tens digit of 337?
3
What is the ten thousands digit of 43761?
4
What is the tens digit of 10761?
6
What is the tens digit of 216?
1
What is the thousands digit of 23305?
3
What is the units digit of 22064?
4
What is the tens digit of 335?
3
What is the hundreds digit of 428?
4
What is the hundreds digit of 124429?
4
What is the units digit of 4261?
1
What is the hundreds digit of 4394?
3
What is the thousands digit of 3029?
3
What is the ten thousands digit of 68191?
6
What is the units digit of 279?
9
What is the units digit of 111918?
8
What is the units digit of 485?
5
What is the hundreds digit of 117?
1
What is the units digit of 11212?
2
What is the units digit of 764?
4
What is the hundreds digit of 3132?
1
What is the thousands digit of 18809?
8
What is the hundreds digit of 72604?
6
What is the thousands digit of 46357?
6
What is the thousands digit of 20835?
0
What is the hundreds digit of 1136?
1
What is the hundreds digit of 401?
4
What is the units digit of 752?
2
What is the tens digit of 20817?
1
What is the units digit of 43683?
3
What is the thousands digit of 1173?
1
What is the units digit of 218?
8
What is the hundreds digit of 37372?
3
What is the units digit of 28826?
6
What is the thousands digit of 3167?
3
What is the units digit of 8925?
5
What is the units digit of 778?
8
What is the tens digit of 647?
4
What is the thousands digit of 5513?
5
What is the hundreds digit of 2909?
9
What is the ten thousands digit of 52503?
5
What is the thousands digit of 8866?
8
What is the units digit of 57989?
9
What is the tens digit of 581?
8
What is the thousands digit of 14054?
4
What is the hundreds digit of 17092?
0
What is the hundreds digit of 6720?
7
What is the units digit of 161375?
5
What is the hundreds digit of 1026?
0
What is the hundreds digit of 4005?
0
What is the thousands digit of 16401?
6
What is the tens digit of 1022?
2
What is the ten thousands digit of 114163?
1
What is the thousands digit of 42914?
2
What is the ten thousands digit of 45048?
4
What is the tens digit of 606?
0
What is the thousands digit of 3068?
3
What is the hundreds digit of 15426?
4
What is the tens digit of 87157?
5
What is the hundreds digit of 116085?
0
What is the thousands digit of 35454?
5
What is the thousands digit of 2475?
2
What is the thousands digit of 1409?
1
What is the thousands digit of 1130?
1
What is the hundreds digit of 3121?
1
What is the thousands digit of 2046?
2
What is the hundreds digit of 67468?
4
What is the thousands digit of 20799?
0
What is the hundreds digit of 21778?
7
What is the ten thousands digit of 108037?
0
What is the units digit of 35421?
1
What is the units digit of 3067?
7
What is the units digit of 11680?
0
What is the ten thousands digit of 13070?
1
What is the hundreds digit of 10339?
3
What is the tens digit of 6363?
6
What is the units digit of 793?
3
What is the hundreds digit of 141830?
8
What is the thousands digit of 23733?
3
What is the tens digit of 30855?
5
What is the thousands digit of 66951?
6
What is the thousands digit of 7518?
7
What is the units digit of 28955?
5
What is the hundreds digit of 14967?
9
What is the units digit of 18739?
9
What is the thousands digit of 8257?
8
What is the hundreds digit of 7075?
0
What is the thousands digit of 4444?
4
What is the tens digit of 3471?
7
What is the units digit of 136?
6
What is the tens digit of 187?
8
What is the units digit of 192?
2
What is the tens digit of 1955?
5
What is the units digit of 175?
5
What is the units digit of 27?
7
What is the hundred thousands digit of 141230?
1
What is the hundreds digit of 3384?
3
What is the tens digit of 16133?
3
What is the hundreds digit of 2150?
1
What is the thousands digit of 2422?
2
What is the tens digit of 3337?
3
What is the hundreds digit of 69216?
2
What is the hundreds digit of 383?
3
What is the ten thousands digit of 36777?
3
What is the units digit of 55833?
3
What is the units digit of 786?
6
What is the tens digit of 8939?
3
What is the ten thousands digit of 55491?
5
What is the hundreds digit of 37146?
1
What is the units digit o